{"id":98,"date":"2011-03-25T10:17:46","date_gmt":"2011-03-25T10:17:46","guid":{"rendered":"https:\/\/www.kabarett-wendeltreppe.de\/?page_id=98"},"modified":"2024-02-02T07:46:32","modified_gmt":"2024-02-02T06:46:32","slug":"links","status":"publish","type":"page","link":"https:\/\/kabarett-wendeltreppe.de\/?page_id=98","title":{"rendered":"Links"},"content":{"rendered":"<table border=\"0\" width=\"100%\">\n<tbody>\n<tr>\n<td valign=\"top\"><!--?php $fontsize = $_GET['fontsize']; ?--><\/p>\n<h2 style=\"margin-bottom: 10px; margin-left: 10px;\">Links<\/h2>\n<p><a href=\"https:\/\/www.parlament-hamburg.de\/\">https:\/\/www.parlament-hamburg.de\/<\/a><\/p>\n<p><img decoding=\"async\" loading=\"lazy\" src=\"images\/blank.gif\" alt=\"\" width=\"600\" height=\"8\" \/><\/td>\n<td style=\"background-image: url('images\/linie-2.png');\"><img decoding=\"async\" loading=\"lazy\" src=\"images\/blank.gif\" alt=\"\" width=\"10\" height=\"10\" \/><\/td>\n<td valign=\"top\"><img decoding=\"async\" loading=\"lazy\" src=\"images\/blank.gif\" alt=\"\" width=\"250\" height=\"8\" \/><br \/>\n\u00dcber die Wendeltreppe<br \/>\n<a href=\"https:\/\/www.kabarett-wendeltreppe.de\/?page_id=32\">Klicken Sie hier<\/a>, um sich \u00fcber die Wendeltreppe und ihre 77-j\u00e4hrige Geschichte zu informieren (\u00fcbrigens, wir sind das \u00e4lteste Literarische Kabarett in Deutschland).<\/p>\n<p><img decoding=\"async\" src=\"images\/trenner.png\" \/><\/p>\n<p>Programmvorschau<br \/>\n<a href=\"https:\/\/www.kabarett-wendeltreppe.de\/?page_id=26\">Klicken Sie hier<\/a>, um sich \u00fcber die n\u00e4chsten Programme zu informieren.<\/p>\n<p><img decoding=\"async\" src=\"images\/trenner.png\" \/><\/p>\n<p>Kartenbestellung<br \/>\n<a href=\"https:\/\/www.kabarett-wendeltreppe.de\/?page_id=28\">Klicken Sie hier<\/a>, wenn Sie wissen wollen, wie Sie einfach Karten bestellen k\u00f6nnen.<\/p>\n<p><img decoding=\"async\" src=\"images\/trenner.png\" \/><\/p>\n<p>So finden Sie uns<br \/>\nUnsere Veranstaltungen finden statt im Restaurant \u201eParlament\u201c im Hamburger Rathaus, Eingang Gro\u00dfe Johannisstr. 2.<\/p>\n<div align=\"center\"><iframe loading=\"lazy\" src=\"https:\/\/maps.google.de\/maps?hl=de&amp;q=rathausmarkt+1,+hamburg&amp;ie=UTF8&amp;hq=&amp;hnear=Rathausmarkt+1,+Hamburg+20095+Hamburg&amp;gl=de&amp;z=14&amp;ll=53.55074,9.99206&amp;output=embed\" width=\"200\" height=\"200\" frameborder=\"0\" marginwidth=\"0\" marginheight=\"0\" scrolling=\"no\"><\/iframe><\/div>\n<p><a href=\"?page_id=30\">Weitere Informationen zur Anfahrt<\/a><\/td>\n<\/tr>\n<\/tbody>\n<\/table>\n","protected":false},"excerpt":{"rendered":"<p>Links https:\/\/www.parlament-hamburg.de\/ \u00dcber die Wendeltreppe Klicken Sie hier, um sich \u00fcber die Wendeltreppe und ihre 77-j\u00e4hrige Geschichte zu informieren (\u00fcbrigens, wir sind das \u00e4lteste Literarische Kabarett in Deutschland). Programmvorschau Klicken Sie hier, um sich \u00fcber die n\u00e4chsten Programme zu informieren. Kartenbestellung Klicken Sie hier, wenn Sie wissen wollen, wie Sie einfach Karten bestellen k\u00f6nnen. So [&hellip;]<\/p>\n","protected":false},"author":1,"featured_media":0,"parent":0,"menu_order":0,"comment_status":"closed","ping_status":"open","template":"","meta":{"footnotes":""},"_links":{"self":[{"href":"https:\/\/kabarett-wendeltreppe.de\/index.php?rest_route=\/wp\/v2\/pages\/98"}],"collection":[{"href":"https:\/\/kabarett-wendeltreppe.de\/index.php?rest_route=\/wp\/v2\/pages"}],"about":[{"href":"https:\/\/kabarett-wendeltreppe.de\/index.php?rest_route=\/wp\/v2\/types\/page"}],"author":[{"embeddable":true,"href":"https:\/\/kabarett-wendeltreppe.de\/index.php?rest_route=\/wp\/v2\/users\/1"}],"replies":[{"embeddable":true,"href":"https:\/\/kabarett-wendeltreppe.de\/index.php?rest_route=%2Fwp%2Fv2%2Fcomments&post=98"}],"version-history":[{"count":3,"href":"https:\/\/kabarett-wendeltreppe.de\/index.php?rest_route=\/wp\/v2\/pages\/98\/revisions"}],"predecessor-version":[{"id":1494,"href":"https:\/\/kabarett-wendeltreppe.de\/index.php?rest_route=\/wp\/v2\/pages\/98\/revisions\/1494"}],"wp:attachment":[{"href":"https:\/\/kabarett-wendeltreppe.de\/index.php?rest_route=%2Fwp%2Fv2%2Fmedia&parent=98"}],"curies":[{"name":"wp","href":"https:\/\/api.w.org\/{rel}","templated":true}]}}